 -156*(-9)/72*11/((-132)/(-8)). What is the greatest common factor of f and 23101?
13
Let b = -17 - -225. Suppose -3*k + 224 = -b. Suppose 9*o - o = k. What is the highest common factor of 18 and o?
18
Suppose -18 = -3*k + 87. Let x = -96375 - -96390. What is the greatest common factor of k and x?
5
Let b(g) = 5*g**2 - 162*g - 320. Let o be b(-2). Let d = -494 - -806. Calculate the highest common divisor of d and o.
24
Let c be (-26)/(-4)*(-2 + -4). Let p be 6/c - 144/78. Let n be (-5)/((-20)/1432) - p. Calculate the greatest common factor of n and 40.
40
Let y(q) be the second derivative of -11*q**4/12 - 5*q**3/6 + q**2 + 19*q. Let g be y(-3). Let i = -37 - g. Calculate the highest common divisor of 30 and i.
15
Suppose 5*w = -16*h + 574 + 106, 0 = w - 2*h - 188. Let v(s) = -s**3 + 12*s**2 + 11*s + 10. Let d be v(11). What is the highest common divisor of d and w?
84
Let f = 1788 + -1736. What is the highest common factor of f and 92?
4
Suppose -b + 30 = -1. Suppose -9*n + 12*n = -39. Let m = b + n. Calculate the highest common divisor of 144 and m.
18
Let d(a) = 4*a. Let w be d(6). Let l(x) = 4*x - 29. Let j be l(-9). Let m be -6 - (-13)/(j/(-70)). Calculate the greatest common factor of m and w.
8
Let x be (-2)/(2 - 15/6). Let d be (5/3)/(x/(12 + 0)). What is the highest common divisor of 35 and d?
5
Let g = 114 - 58. Let k be 16/56 - 1992/(-84). Calculate the greatest common divisor of k and g.
8
Let p = -3 + 5. Suppose 19*q - 182 = 12*q. Suppose -33*y = -q*y - 98. Calculate the greatest common factor of y and p.
2
Let o(f) = f**3 - 3*f**2 + 8*f - 3. Let c be o(6). Let p = 174 - c. What is the greatest common factor of p and 63?
21
Suppose -67*m + 2652 = -28*m. What is the highest common factor of m and 5746?
34
Let j = -227 + 232. Suppose -4*c + 28 = 4*t, -j*c - 8 + 11 = -3*t. Let h(z) = 4*z - 8. Let y be h(9). What is the greatest common factor of y and t?
4
Let t be 80*(-141)/(-752)*-57*(-3 - 0). Calculate the greatest common factor of t and 225.
45
Let h be (-50)/(-6) - 2/6. Suppose 0 = 23*o + 18*o - 1230. Suppose -o = 6*q - h*q. Calculate the highest common factor of q and 285.
15
Suppose 3*t - 3*g - 794 = -608, g - 9 = 0. Suppose -5*q - 3*m + 3183 = 0, m - 6*m = q - 619. What is the highest common divisor of t and q?
71
Let z be ((-16750)/18 + (-324)/729)/(-1). Calculate the highest common divisor of z and 245.
49
Let b = -202 + 414. Let t = b - 14. Let d = -4712 - -4730. What is the greatest common factor of t and d?
18
Suppose -2*g = -g - 14. Suppose g*h + 3*h = 51. What is the greatest common divisor of h and 27?
3
Suppose 6625 - 4580 - 17165 = -84*j. What is the highest common divisor of j and 468?
36
Let w(l) = 4*l**2 + 7*l - 47. Let v(q) = q**2 + 4*q - 23. Let c(n) = -5*v(n) + 2*w(n). Let h be c(4). Calculate the greatest common divisor of h and 9.
9
Let t be -55*(-42)/30 + 6 + -5. What is the greatest common factor of 3068 and t?
26
Let s = -6922 + 6935. What is the greatest common factor of s and 1144?
13
Suppose -130 = -3*d - 124. Suppose -5*f = -d*c - 38, 4 = f + c - 5. Calculate the greatest common factor of 16 and f.
8
Let a be ((-2)/(-3))/(30/135) + 2. Suppose -3*d = a*x - 822, 0 = x - 0*d - d - 166. Calculate the highest common factor of x and 33.
33
Let m(n) = 7*n**3 - 26*n + 55. Let g be m(6). Calculate the greatest common factor of g and 85.
17
Let o(i) = 15*i - 4. Let c be o(4). Let r(t) = -4*t**3 - 36*t**2 - 20*t - 40. Let j be r(-9). What is the highest common factor of c and j?
28
Suppose -95*l - 1 = -96*l, -4*g + 2*l + 478 = 0. Suppose 20 = -0*x + 2*x. What is the greatest common factor of x and g?
10
Let w be ((-20)/(-7))/((-16)/(-448)). Let f(b) = -b**3 - 26*b**2 + 24*b + 31. Let s be f(-27). What is the greatest common factor of s and w?
16
Suppose 3*c - 160 = -4*g, -7*c = -3*c - 3*g - 205. Calculate the greatest common factor of 3562 and c.
26
Let t = -8 - -9. Let k be t/(-5) - 196/(-5). What is the highest common factor of k and 195?
39
Let o = -260 + 183. Let j = -81 - o. Let a be ((-20)/8)/(j/24). What is the highest common divisor of a and 105?
15
Let j be 67/((-335)/(-2100)) + 14. Calculate the greatest common factor of 238 and j.
14
Suppose -83 + 933 = 5*b. Suppose 314*g - 5640 = 126*g. What is the highest common factor of b and g?
10
Suppose 5*i - 2*t = 2*i + 722, i - 5*t = 232. Let h be (-3 + -3)/(-18) + (-28)/3. Let o be 3*(3 + (-39)/h). Calculate the highest common factor of i and o.
22
Let g(o) = 677*o + 3437. Let l be g(-5). Suppose -151 = -t - 34. Calculate the highest common factor of t and l.
13
Let o(s) = s**2 - 2*s - 21. Let p be o(-4). Suppose -2*v + 144 = 2*m, 3*v + 183 = p*m - 9. Let y = -25 + 42. Calculate the greatest common factor of m and y.
17
Let h be (13 + -16 + 0/1)*-3. Suppose -4*j + 28 = 2*p, 2*p + h*j - 28 = 4*j. Calculate the greatest common factor of p and 56.
14
Let b(y) = 8*y**3 + 170*y**2 - 31*y - 395. Let i be b(-20). Calculate the greatest common factor of 50 and i.
25
Suppose -787 = -72*p + 71 + 366. What is the highest common divisor of p and 17?
17
Let t be ((-3)/(-2))/((-66)/12 + 7). Let m be (-15 + t)/(4 - (-220)/(-50)). What is the greatest common factor of m and 280?
35
Suppose -3*f - 2*l = -67, -3*f + 87 = 37*l - 40*l. Calculate the greatest common factor of 395 and f.
5
Suppose u + q = 168, 696 = 4*u + 2297*q - 2296*q. Let k be 14 + 1 - (-3 - -2). Calculate the greatest common factor of u and k.
16
Let p be (-97317)/(-45) - (-1 + 1) - (-144)/(-240). What is the greatest common divisor of p and 46?
46
Suppose 0*g - 2981 = 5*g + 2*u, -u = 3. Let o = -566 - g. Calculate the greatest common divisor of 928 and o.
29
Suppose 4*j + 32*j - 903 = 6873. Calculate the greatest common divisor of j and 48.
24
Suppose z - 70 = 80. Let i be (20/(-25))/((-4)/z). What is the greatest common factor of 195 and i?
15
Let z(a) = -565*a - 2293. Let w be z(-11). What is the greatest common factor of 222 and w?
74
Suppose 3*t - 4*p = 652, -17*p - 916 = -4*t - 21*p. Let o(n) = -3*n - 26. Let a be o(-11). What is the highest common factor of t and a?
7
Let i(z) = 2*z**3 + 15*z**2 + 5*z + 29. Let y be i(-7). Suppose 35*a - y*a + 88 = 0. Calculate the highest common divisor of 88 and a.
11
Let i(p) = p**2 + 2. Let f be i(6). Suppose -49*z + 43894 = -15*z. Suppose z - 1025 = 7*h. What is the highest common divisor of f and h?
38
Let y(n) = -n**2 - 33*n + 56. Let x be y(-34). Suppose 4*j - 298 - x = 0. Calculate the greatest common factor of 12 and j.
4
Let z(d) = -20*d**3 - 1. Let t be z(-1). Suppose -t*h + 16*h = 18. Let q(f) = -24*f - 25. Let y be q(h). What is the highest common divisor of 17 and y?
17
Suppose 3*g - 5*g - 125 = -5*a, 2*a + 2*g = 50. Let h(y) = -176*y**2 + 1. Let f be h(1). Let u = f - -275. What is the greatest common divisor of u and a?
25
Let d = 2360 + -2314. Calculate the highest common factor of 13961 and d.
23
Suppose -27*o - 2828 = 4543. Let k = -248 - o. What is the highest common divisor of k and 20?
5
Let j = 760 - 741. Suppose 7*f - j = 23. What is the highest common factor of 54 and f?
6
Let f(w) = 4*w - 40. Let l be f(11). Let v(q) = -37*q + 150. Let k be v(l). Calculate the greatest common factor of k and 13.
1
Let d(n) = -2*n**2 - 3*n + 3. Let r be d(-5). Let u = 15 - r. What is the greatest common divisor of u and 658?
47
Let s be 24 - -3 - (1 - 2). Suppose -10*w - 8 = -s. Suppose -w*v + 4*v - 8 = 0, 0 = -4*j + 3*v + 288. What is the highest common divisor of 45 and j?
15
Let s = -24333 + 24355. Calculate the highest common factor of s and 1826.
22
Let j = -99 + 131. Let s(m) = -3*m + 12. Let r be s(-4). Suppose -8*k + r = -2*k. What is the greatest common divisor of j and k?
4
Suppose 0 = -24*c - 4017 - 4407. Let b = 357 + c. Let s = 114 + -72. Calculate the greatest common factor of b and s.
6
Let a(x) = -22*x + 175. Let w be a(6). What is the greatest common divisor of w and 817?
43
Suppose -92*c - 6188 = -109*c. Let h = 99 + -71. What is the greatest common factor of c and h?
28
Suppose 7*w - 871 = 144. Suppose 0 = 4*h + 29 - w. Let a = 41 - h. Calculate the greatest common divisor of 12 and a.
12
Suppose c = 6*u - 22, 2*u - 3*c = 6 - 4. Let x be 738/(-66) - (-4)/22. Let z = 5 - x. What is the highest common divisor of z and u?
4
Suppose -572 = 3